uppose 5*a - 29*k = -26*k + 525, 20 = 4*k. What is the remainder when 1182 is divided by a?
102
Let a be (-275)/2 + 2/(-4). Let c(f) = -125*f - 9738. What is the remainder when a*(2 - (-10)/(-4)) is divided by c(-78)?
9
Let h = 1899 + -1850. What is the remainder when h is divided by 20?
9
Let t(n) = -37*n - 214. Let x be t(-6). Suppose -5*v + 95 = -v + f, -x = -v + 5*f. What is the remainder when v is divided by (2 + 1)/(6/28)?
9
Let p(x) = -x + 10. Let w(c) = 2*c**3 + 30*c**2 - 35*c + 6. Calculate the remainder when p(0) is divided by w(1).
1
Suppose -101*o + 226332 - 5950 = 0. Calculate the remainder when o is divided by 724.
10
What is the remainder when 692 is divided by -5 + -16 + 60 + -13?
16
Let i = 44 - 44. Suppose 6*z - 171 + 63 = i. What is the remainder when 116 is divided by z?
8
Suppose 28*a - 33*a = 4150. Let t be (a/(-8))/(5/20). Suppose t = 10*j - 305. What is the remainder when j is divided by 37?
35
Let m(u) = 6*u**2 + 39*u - 177. Calculate the remainder when 448 is divided by m(4).
73
Let d(a) = -17*a - 178. Let o be d(-14). Suppose 29*q = o*q - 7347. What is the remainder when q is divided by 27?
21
Let c be (0 - 42)*(-33)/99. Suppose c*r - 167 = -27. Calculate the remainder when 18 is divided by r.
8
Let i = -41 - -68. Suppose 4*p = -4*q + 64, -27*p - q + 36 = -24*p. What is the remainder when i is divided by p?
7
Suppose 6*a - 64 = 5*o, -44*a + 4*o - 30 = -45*a. What is the remainder when 2518 is divided by a?
12
Suppose -r = -3*r + 5*d + 1863, 0 = 4*r - 2*d - 3750. Let z = r + -579. What is the remainder when 41 is divided by ((2/(-4))/((-6)/z))/2?
11
Suppose 3*h - 25*h = 7128. Calculate the remainder when 307 is divided by (-567)/h + 410/8.
42
Suppose -3*o - 4*f = -111, 4*o + 71 - 232 = -f. What is the remainder when 205 is divided by o?
0
Suppose -3*b + 117 = -69. Suppose -4*c + 2*c - 2*v = -128, 0 = -c - 2*v + b. Calculate the remainder when c is divided by 4*4 - (-4)/2.
12
Let w(y) = 11*y**3 + 2*y**2 - 5*y + 2. Suppose 0 = 8*l + 159 - 415. What is the remainder when l is divided by w(1)?
2
Let a = 50 + -45. Suppose 5*i = -5, a*i - 75 = -4*m + 12. What is the remainder when m is divided by -3*(4/((-24)/(-26)))/(-1)?
10
Let j(g) = 166*g**2 + 6*g - 7. Suppose 10*q - 11*q = z - 9, -2*q = 3*z - 30. Calculate the remainder when j(1) is divided by z.
9
Suppose 12*d + 36 + 0 = 0. Calculate the remainder when 36 is divided by (-5 - d)*-11 + 1 + -1.
14
Let i(j) = 3*j**2 - 11*j - 360. Calculate the remainder when i(-42) is divided by 20.
14
Let o(c) = -3*c**3 - 2*c**2 + c. Let r be o(1). Let m be ((-30)/4)/(12/(-24)). What is the remainder when (r + 50/m)*-12 is divided by 3?
2
Suppose 0 = 5*s - 2*s + 9. Let h = s - -5. Suppose 0 = -37*t - 13*t + 50. What is the remainder when h is divided by t?
0
Let v(u) = 412*u - 401. What is the remainder when 2177 is divided by v(1)?
10
Suppose -36*j = 51*j - 14*j - 8687. Calculate the remainder when 13801 is divided by j.
116
What is the remainder when (-1031)/(-5) - (-208)/260 is divided by 48?
15
Let y = 4722 + -4663. What is the remainder when 893 is divided by y?
8
Let l(u) be the third derivative of u**6/120 + 3*u**5/10 - 11*u**4/12 - 37*u**3/6 - 9*u**2 - 7*u. What is the remainder when -118*2/(-8)*2 is divided by l(-19)?
19
Calculate the remainder when 9/36*(-500)/(-9) - 3/(-27) is divided by 13.
1
Suppose -3*o + 36 = -54. Suppose 3*s - 5*q = 816, -27*s - q + 1332 = -22*s. Calculate the remainder when s is divided by o.
27
Let y be 3*(2/(-6) + (-11 - -45)). Let i = -32 + y. What is the remainder when i is divided by 60?
9
Let k(o) = -o**2 + 26*o + 12. Let u be k(27). Let g(v) = -2*v**2 - 31*v + 16. Calculate the remainder when 92 is divided by g(u).
30
Let g(c) = c**2 - 27*c - 88. Suppose -v = 3*v + 24. Let u(r) = -9*r - 51. Calculate the remainder when u(v) is divided by g(30).
1
Let q = 62 - 167. Let l = -96 - q. What is the remainder when ((-93)/(-2))/((-3)/(-4)) is divided by l?
8
Let j(q) = -3*q**2 + 15*q + 374. What is the remainder when 1707 is divided by j(12)?
121
Let m be (-9)/(-2) - (-4)/8. Suppose -5*g + 260 = -2*y + 5*y, 3*y = m*g + 310. Suppose -21 = 4*a - 121. Calculate the remainder when y is divided by a.
20
Let a = 109 + 72. Let l = -712 + 751. What is the remainder when a is divided by l?
25
Suppose 43 = -5*s + 18, 4*s + 19760 = 5*g. Calculate the remainder when g is divided by 52.
48
Let v(k) = k**3 + 42*k**2 - 4*k + 25. What is the remainder when v(3) is divided by 75?
43
Suppose 83*a - 81*a - 4*z = 90, 5*a = -2*z + 153. What is the remainder when 1033 is divided by a?
10
Let p(i) = -2*i**3 - 240*i**2 - 2*i - 204. Calculate the remainder when 156 is divided by p(-120).
12
What is the remainder when 656 is divided by (-12)/(-96) + (-4)/(96/(-3645))?
48
Let u be 3/(-2)*9/((-108)/2864). Let g = -238 + u. What is the remainder when g is divided by 18?
12
Let x be 23*(2/3 - 10/(-3)). Suppose -u + q = -x, 0 = 2*u - q - 115 - 74. What is the remainder when u is divided by 50?
47
Suppose 469 = 9*v - 424 + 290. What is the remainder when 266 is divided by v?
65
Suppose 5*b = 4*s + 16, 5*b + 0*s + 5*s - 25 = 0. Suppose b*j - 2*j = 128. Calculate the remainder when j is divided by 66/3 - (-1 + 0).
18
Let h(j) = -6 + 3*j**2 + 0*j - 5*j - 19 + 4. Suppose -4*s + 4*d = -27 - 25, 4*s = 5*d + 51. Calculate the remainder when h(5) is divided by s.
1
Suppose 0 = m + 2, 38*i - 36*i = -3*m + 600. Calculate the remainder when i is divided by 58.
13
Let a = 62 + -50. Let y(q) = q**3 - 10*q**2 - 17*q - 21. What is the remainder when 186 is divided by y(a)?
60
Let w = -211 + 214. Suppose -2 = -4*k + w*k, -646 = -2*a - 2*k. What is the remainder when a is divided by 46?
45
Let c(w) = -2*w**2 - 12*w - 7. Let y be c(-6). Let t(u) = u + 61. Calculate the remainder when t(y) is divided by 9.
0
Let q(k) = -k**3 - 7*k**2 - 11*k - 16. Calculate the remainder when q(-7) is divided by (174/(-8))/(9/(-12)).
3
Let z = 4 + -2. Suppose -a = -2*g + 94, -2*a - a = z*g - 102. Let t(y) = 77*y - 206. Calculate the remainder when g is divided by t(3).
23
Let i(b) = -b + 3. Let q(n) = 1. Let o(j) = i(j) - 5*q(j). Let u(a) = -a**3 + 7*a**2 - 4*a - 6. Calculate the remainder when o(-13) is divided by u(6).
5
Suppose -11*u = 10*u - 714. Suppose -3*g + 95 = -u. Calculate the remainder when g is divided by 15.
13
Let t = -768 + 10575. Calculate the remainder when t is divided by 109.
106
Suppose 42682 - 136162 = -76*u. What is the remainder when u is divided by (-7)/2*(-2 + -2)?
12
Let f(u) = -2*u**2 - 19*u - 5. Let y be f(-9). Let t be (-2)/((-1 - y/(-12)) + 1). Calculate the remainder when (-1)/((-22)/(-363)*t/16) is divided by 16.
12
Let n(h) = -39*h + 779. What is the remainder when 1718 is divided by n(19)?
8
Let j(t) = -t**2 - 39*t + 625. Calculate the remainder when 2598 is divided by j(12).
11
Let d be (2/(-6)*8)/(2/(-447)). Suppose -9*w - 664 = d. Let t = 151 + w. What is the remainder when 37 is divided by t?
4
Let b be 3 + 3 + -7 + -1. Let u be b/8*205 + (-3)/(-12). Let a = u - -130. Calculate the remainder when a is divided by 16.
15
Let d(r) = r**3 - 19*r**2 + 70*r - 274. Calculate the remainder when 3117 is divided by d(16).
75
Suppose -2*o - 95*y + 91*y = -26, 0 = -4*o - 3*y + 52. What is the remainder when 154 is divided by o?
11
Suppose 0 = 2*q + 2*q - 4*c, -q + 5*c = 12. Calculate the remainder when (-2 - (-23)/q)/(8/24) is divided by 6.
5
Let j(l) = 2*l**2 - 54*l - 111. Let h be j(29). Calculate the remainder when 930/4 - (h - 90/12) is divided by 34.
31
Let m = -199 - -1216. Calculate the remainder when m is divided by 336.
9
Suppose -2257*z + 38850 = -1887*z. Let l = 6 + 3. What is the remainder when z is divided by l?
6
Let g(i) = 424*i + 85. Let r be g(6). Suppose 7*w - 1634 = r. What is the remainder when w is divided by 68?
65
Let k be 2196/(-50) - 62/775. What is the remainder when k/6*(2 - (-57)/(-6)) is divided by 5?
0
Suppose 157 + 157 = 14*p + 76. Calculate the remainder when 416 is divided by p.
8
Suppose i + 5*n + 6 = -5, 12 = -3*n. Suppose 0*q = i*q. Suppose q = -4*g + 4*w + 388, -3*g + w + 295 = -0*g. What is the remainder when g is divided by 25?
24
Suppose -2*o + 15 - 113 = -2*i, 117 = 3*i + 3*o. Let u = i + -38. Suppose 5*w = u*w - 29. Calculate the remainder when 114 i